{"id":2,"date":"2019-09-17T21:56:24","date_gmt":"2019-09-17T21:56:24","guid":{"rendered":"https:\/\/sandramartini-avocat.com\/?page_id=2"},"modified":"2019-11-18T23:07:48","modified_gmt":"2019-11-18T23:07:48","slug":"cabinet","status":"publish","type":"page","link":"https:\/\/sandramartini-avocat.com\/index.php\/cabinet\/","title":{"rendered":"Le Cabinet"},"content":{"rendered":"\n<p class=\"has-medium-font-size\">  Apr\u00e8s l\u2019obtention d\u2019un bac scientifique, elle se dirige vers la facult\u00e9 de droit, et obtient une ma\u00eetrise de droit mention affaires, puis encha\u00eene avec un master II droit des affaires.&nbsp;<br>Son CAPA en poche (certificat d\u2019aptitude \u00e0 la profession d\u2019avocat), apr\u00e8s un stage aupr\u00e8s de Ma\u00eetres Baffert-Fructus et Grisoli, elle est embauch\u00e9e dans un cabinet sp\u00e9cialis\u00e9 en droit des affaires sur Marseille, le cabinet REBUFAT-FRILET, et d\u00e9croche un second Master II de Droit et Fiscalit\u00e9 de l\u2019Entreprise.&nbsp; <br>Apr\u00e8s deux ann\u00e9es de collaboration intense, elle cr\u00e9e son cabinet principal sur Marseille et un cabinet secondaire \u00e0 La Ciotat, sa ville natale, ax\u00e9 sur la proximit\u00e9 avec le particulier.&nbsp;<br>Concomitamment \u00e0 ses activit\u00e9s juridiques et \u00e0 la d\u00e9fense des femmes et enfants&nbsp; battus, le tissu associatif lui permet de mener des actions caritatives pour les enfants malades aupr\u00e8s de la Timone, mais aussi de participer activement \u00e0 la Juris Cup, premi\u00e8re R\u00e9gate corporative fran\u00e7aise du monde juridique, o\u00f9 elle est maintenue Vice-Pr\u00e9sidente aux cot\u00e9s de Denis Rebufat depuis 2001.&nbsp;<br>Ses cabinets se d\u00e9veloppent en droit des affaires, en droit immobilier, mais aussi en droit p\u00e9nal,&nbsp; amen\u00e9s au quotidien \u00e0 conseiller, repr\u00e9senter et assister&nbsp; tant les administrateurs de biens, que les m\u00e9decins, les g\u00e9rants de d\u00e9bits de boissons, les ma\u00eetrises d\u2019\u0153uvre et ma\u00eetres d\u2019ouvrage.Soucieuse d\u2018apporter une solution efficace aux probl\u00e8mes juridiques croissants des particuliers et de la famille, elle se sp\u00e9cialise et amorce la mise en place de&nbsp; la proc\u00e9dure participative pratiqu\u00e9e au Canada et la M\u00e9diation.&nbsp;<br>Elle parle couramment anglais et espagnol.<\/p>\n","protected":false},"excerpt":{"rendered":"<p>Apr\u00e8s l\u2019obtention d\u2019un bac scientifique, elle se dirige vers la facult\u00e9 de droit, et obtient une ma\u00eetrise de droit mention affaires, puis encha\u00eene avec un master II droit des affaires.&nbsp;Son CAPA en poche (certificat d\u2019aptitude \u00e0 la profession d\u2019avocat), apr\u00e8s un stage aupr\u00e8s de Ma\u00eetres Baffert-Fructus et Grisoli, elle est embauch\u00e9e dans un cabinet sp\u00e9cialis\u00e9 [&hellip;]<\/p>\n","protected":false},"author":1,"featured_media":0,"parent":0,"menu_order":1,"comment_status":"closed","ping_status":"closed","template":"","meta":{"footnotes":""},"class_list":["post-2","page","type-page","status-publish","hentry"],"_links":{"self":[{"href":"https:\/\/sandramartini-avocat.com\/index.php\/wp-json\/wp\/v2\/pages\/2","targetHints":{"allow":["GET"]}}],"collection":[{"href":"https:\/\/sandramartini-avocat.com\/index.php\/wp-json\/wp\/v2\/pages"}],"about":[{"href":"https:\/\/sandramartini-avocat.com\/index.php\/wp-json\/wp\/v2\/types\/page"}],"author":[{"embeddable":true,"href":"https:\/\/sandramartini-avocat.com\/index.php\/wp-json\/wp\/v2\/users\/1"}],"replies":[{"embeddable":true,"href":"https:\/\/sandramartini-avocat.com\/index.php\/wp-json\/wp\/v2\/comments?post=2"}],"version-history":[{"count":16,"href":"https:\/\/sandramartini-avocat.com\/index.php\/wp-json\/wp\/v2\/pages\/2\/revisions"}],"predecessor-version":[{"id":148,"href":"https:\/\/sandramartini-avocat.com\/index.php\/wp-json\/wp\/v2\/pages\/2\/revisions\/148"}],"wp:attachment":[{"href":"https:\/\/sandramartini-avocat.com\/index.php\/wp-json\/wp\/v2\/media?parent=2"}],"curies":[{"name":"wp","href":"https:\/\/api.w.org\/{rel}","templated":true}]}}